79?
78
What is the remainder when 8555695 is divided by 66?
49
Calculate the remainder when 739343 is divided by 246447.
2
Calculate the remainder when 968273 is divided by 208.
33
Calculate the remainder when 205536 is divided by 962.
630
What is the remainder when 78645206 is divided by 40023?
11
What is the remainder when 46252704 is divided by 67?
58
What is the remainder when 76828 is divided by 3879?
3127
What is the remainder when 1059628 is divided by 66?
64
What is the remainder when 53558026 is divided by 99?
16
What is the remainder when 2681323 is divided by 1013?
925
Calculate the remainder when 4076640 is divided by 29.
23
Calculate the remainder when 450779645 is divided by 786.
785
What is the remainder when 6348 is divided by 3442?
2906
Calculate the remainder when 137753 is divided by 17144.
601
What is the remainder when 43401253 is divided by 87?
85
Calculate the remainder when 4634524 is divided by 1158610.
84
Calculate the remainder when 3596811 is divided by 2729.
2718
Calculate the remainder when 21745967 is divided by 2926.
2861
Calculate the remainder when 95366 is divided by 607.
67
Calculate the remainder when 16670 is divided by 3333.
5
Calculate the remainder when 2077718 is divided by 46170.
68
What is the remainder when 268125 is divided by 134?
125
What is the remainder when 13448878 is divided by 846?
16
Calculate the remainder when 96322 is divided by 45866.
4590
What is the remainder when 160162 is divided by 16883?
8215
What is the remainder when 77785887 is divided by 1365?
1362
Calculate the remainder when 20526 is divided by 3602.
2516
Calculate the remainder when 203055 is divided by 3758.
123
What is the remainder when 314725242 is divided by 36?
30
What is the remainder when 58397 is divided by 29166?
65
What is the remainder when 12884552 is divided by 65?
57
Calculate the remainder when 978587 is divided by 1631.
1618
What is the remainder when 4630953 is divided by 34818?
159
Calculate the remainder when 6802681 is divided by 6448.
41
Calculate the remainder when 114580604 is divided by 1954.
1952
What is the remainder when 187059751 is divided by 249?
244
Calculate the remainder when 328424 is divided by 8023.
7504
Calculate the remainder when 460963 is divided by 2414.
2303
What is the remainder when 3926781 is divided by 755?
26
What is the remainder when 156999 is divided by 115?
24
What is the remainder when 1549772 is divided by 2501?
1653
Calculate the remainder when 1311992 is divided by 9939.
44
Calculate the remainder when 638383 is divided by 4144.
207
Calculate the remainder when 8308919 is divided by 1021.
21
What is the remainder when 34776449 is divided by 981?
980
What is the remainder when 16093090 is divided by 8046508?
74
What is the remainder when 722588 is divided by 36129?
8
What is the remainder when 53496 is divided by 1416?
1104
What is the remainder when 405292 is divided by 18411?
250
Calculate the remainder when 2640040 is divided by 97779.
7
What is the remainder when 6492279 is divided by 6491940?
339
What is the remainder when 502682048 is divided by 7657?
7655
What is the remainder when 194509 is divided by 3472?
77
Calculate the remainder when 41378234 is divided by 13792734.
32
Calculate the remainder when 105613047 is divided by 184.
175
What is the remainder when 4803495 is divided by 1600682?
1449
What is the remainder when 1425227 is divided by 1571?
330
What is the remainder when 30392690 is divided by 2532724?
2
What is the remainder when 7522848 is divided by 235089?
0
What is the remainder when 378995 is divided by 118?
97
What is the remainder when 9384842 is divided by 1322?
1286
Calculate the remainder when 3041539 is divided by 551.
19
Calculate the remainder when 278807 is divided by 2257.
1196
Calculate the remainder when 12436123 is divided by 1759.
1752
What is the remainder when 85067678 is divided by 52?
46
Calculate the remainder when 311791 is divided by 8203.
77
What is the remainder when 15679481 is divided by 15679307?
174
Calculate the remainder when 700219 is divided by 181.
111
Calculate the remainder when 168575 is divided by 9111.
4577
What is the remainder when 31436011 is divided by 186?
151
Calculate the remainder when 1735003 is divided by 13760.
1243
What is the remainder when 8692086 is divided by 22?
18
Calculate the remainder when 2169160 is divided by 2169155.
5
Calculate the remainder when 21791515 is divided by 1037.
1034
What is the remainder when 75870425 is divided by 1850498?
7
Calculate the remainder when 51827173 is divided by 1759.
1756
Calculate the remainder when 7387119 is divided by 939.
6
What is the remainder when 4204545 is divided by 113?
41
What is the remainder when 796867 is divided by 273?
253
Calculate the remainder when 580302855 is divided by 461657.
6
Calculate the remainder when 223243005 is divided by 769.
767
What is the remainder when 10673836 is divided by 2059?
2039
Calculate the remainder when 12582162 is divided by 649.
648
Calculate the remainder when 140276 is divided by 308.
136
Calculate the remainder when 420374 is divided by 104865.
914
Calculate the remainder when 267250 is divided by 545.
200
Calculate the remainder when 241542 is divided by 2591.
579
What is the remainder when 123980 is divided by 119311?
4669
What is the remainder when 236069536 is divided by 71?
3
What is the remainder when 41011595 is divided by 66?
53
Calculate the remainder when 3751608 is divided by 1778.
28
Calculate the remainder when 1136961 is divided by 71056.
65
Calculate the remainder when 56802128 is divided by 355.
353
Calculate the remainder when 1339135 is divided by 267821.
30
What is the remainder when 20766 is divided by 8650?
3466
Calculate the remainder when 1359794 is divided by 6601.
6589
Calculate the remainder when 42461 is divided by 21181.
99
Calculate the remainder when 26679 is divided by 75.
54
Calculate the remainder when 70309 is divided by 35007.
295
Calculate the remainder when 94281 is divided by 5529.
288
Calculate the remainder when 4306214 is divided by 3171.
3167
What is the remainder when 222091 is divided by 1749?
1717
Calculate the remainder when 186715759 is divided by 169.
165
What is the remainder when 120143047 is divided by 530?
527
What is the remainder when 1442108 is divided by 46517?
81
Calculate the remainder when 123043746 is divided by 783.
777
Calculate the remainder when 8139869 is divided by 21.
17
What is the remainder when 300503991 is divided by 316?
315
What is the remainder when 6318713 is divided by 4726?
51
Calculate the remainder when 61147 is divided by 9552.
3835
What is the remainder when 13420661 is divided by 3166?
3153
What is the remainder when 499694 is divided by 1329?
1319
Calculate the remainder when 17832765 is divided by 130.
15
What is the remainder when 3752176 is divided by 747?
742
Calculate the remainder when 12958502 is divided by 354.
332
Calculate the remainder when 1183966 is divided by 9548.
14
What is the remainder when 580042 is divided by 15262?
86
What is the remainder when 35648 is divided by 5938?
20
What is the remainder when 54673939 is divided by 5244?
5239
Calculate the remainder when 64252 is divided by 692.
588
Calculate the remainder when 458516 is divided by 137.
114
Calculate the remainder when 38161047 is divided by 2424.
15
What is the remainder when 6417272 is divided by 3208631?
10
What is the remainder when 189383676 is divided by 72009?
6
Calculate the remainder when 524647 is divided by 26130.
2047
What is the remainder when 63245187 is divided by 1898?
31
Calculate the remainder when 31700438 is divided by 789.
785
Calculate the remainder when 23802038 is divided by 22.
18
Calculate the remainder when 347215192 is divided by 150.
142
What is the remainder when 2758011 is divided by 13072?
12891
Calculate the remainder when 227678 is divided by 227677.
1
Calculate the remainder when 2608572 is divided by 2784.
2748
What is the remainder when 2304645 is divided by 288063?
141
Calculate the remainder when 117293 is divided by 13032.
5
What is the remainder when 36371528 is divided by 227?
226
What is the remainder when 256423 is divided by 152?
151
What is the remainder when 3134143 is divided by 85?
23
Calcu